- 7*q + 50. Let o be u(g). Suppose -2*l = 2*f - o, 0*f - 2*f - 58 = -4*l. What is the units digit of l?
3
Let p(c) = -8*c**2 + 3*c + 0*c**3 - 9*c + 6 + 5*c**3. Let i(j) = -6*j**3 + 9*j**2 + 6*j - 5. Let s(z) = 4*i(z) + 5*p(z). What is the units digit of s(6)?
6
Suppose -2*w + 8 = -40. Suppose 6*u - w = -6. What is the units digit of (5 + (-78)/12)/(u/(-28))?
4
Suppose -22*f + 20*f = -2*r + 109476, -f = 2*r - 109500. What is the thousands digit of r?
4
Suppose 310 = 3*h + 3*v - 266, -6 = 2*v. Suppose j + 2 = 5*m - 3*j, 4*m - 3*j - 2 = 0. What is the units digit of (m - 2) + -3 - h/(-3)?
2
Suppose -4*a = -2*i + 24, -i - 5*a + 3 = -4*a. Suppose 2*d = i*d + 24. What is the tens digit of (-1203)/(-12) + d/(-8) + 1?
0
Let j = 2756 + -1900. Suppose -6*b = -14*b + j. Suppose b = c + 26. What is the tens digit of c?
8
Suppose -30 = -3*m - 7*m. Suppose 2*h + 621 = m*x, 5*x + h = -3*h + 1057. What is the units digit of 2/6 + x/3?
0
What is the units digit of 2603/(-209) - -13 - 464254/(-22)?
3
Let o be (-9)/(-5*15/(-100)). What is the tens digit of 52/o + 3 - 29064/(-63)?
6
Let t(c) = -2*c + 10. Let x be t(-5). Let a be ((-4288)/x)/2 - (-2)/10. Let j = a - -252. What is the tens digit of j?
4
Let l(b) = 2*b**2 + 75*b + 71. Let v = -380 + 340. What is the hundreds digit of l(v)?
2
Suppose -9*s + 3033 = -2477 - 1474. What is the units digit of s?
6
What is the units digit of (-7496784)/(-648) - 20/18?
8
Let p(w) = 3*w**3 + 27*w**2 + 63*w + 42. What is the ten thousands digit of p(16)?
2
What is the hundreds digit of 614016/420 + 2/35?
4
Suppose -63 = 5*o + z, -4*o + 3*z - 45 = -o. Let u(t) = t**3 + 14*t**2 + 14*t + 10. Let n be u(o). What is the units digit of ((-15)/(-10))/(n/(-296))?
8
Suppose 23*t = 4*h + 19*t - 25964, 10 = 2*t. What is the tens digit of h?
9
Suppose -11*w = -17*w + 30. Suppose -5*d + 7*d = 4*c + 818, -2059 = -w*d + 3*c. What is the units digit of d?
3
Let d = 8283 - 3150. What is the units digit of d?
3
Suppose 3*i - 7*i + 95980 = 4*b, -3*i = 5*b - 119979. Suppose b = 21*g - 2*g. What is the tens digit of g?
6
Suppose -3*p = 2*f - 0*f - 177, -4*f = 3*p - 363. Suppose -f = -3*o + 2*o. Suppose o + 23 = 4*l. What is the tens digit of l?
2
Let f(z) = 15*z**3 + 17*z**2 - 7*z - 85. What is the thousands digit of f(9)?
2
Let g(f) be the second derivative of -17*f**3/3 - 33*f**2/2 + 20*f. Let i be g(-21). Suppose 6*s - i = -141. What is the units digit of s?
0
Suppose 2*f - 7975 = -r, 3*r - 16255 - 7690 = 4*f. What is the hundreds digit of r?
9
Suppose -8*u - 45 = -17*u. Suppose -5*k - 20 = 0, u*t - 80 - 2513 = 2*k. What is the hundreds digit of t?
5
Let a(o) = 723*o**3 - 5*o - 722*o**3 + 16 - 24*o + 5*o**2. What is the hundreds digit of a(5)?
1
Let p = -61662 + 121307. What is the hundreds digit of p?
6
Let u(w) = 8*w**2 + 4*w - 10. Suppose 4*d = 5*m - 24, m - 4*d + 1 = -7. Let l = m + -5. What is the units digit of u(l)?
4
Let v(o) = 8*o**3 - 2*o**2 - 2*o - 6. Let z = 501 - 496. What is the hundreds digit of v(z)?
9
Let j = -329 - -203. What is the units digit of (j/5 - 5/25)*-5?
7
Let a(z) be the second derivative of -39*z**5/20 - 2*z**4/3 - 25*z**3/6 - 3*z**2/2 - 13*z - 4. What is the thousands digit of a(-3)?
1
Let i be (-24687)/(-5) + 66/110. Suppose -4*z = -3*j + 3696, 4*j = 8*j - 2*z - i. What is the thousands digit of j?
1
Let x be 1/((-7 + 4)/3). What is the units digit of 15*((-154)/(-28) + x/(-2))?
0
What is the tens digit of (3523/(-542))/(1/(-2068))?
4
Let p(u) = 2*u**2 - u + 1. Let i be p(1). Let z be 1 + 16/(-14) + (-232)/(-56). Suppose 3*s - 30 = -3*t, z*s + 3*t = i*t + 40. What is the units digit of s?
0
Suppose 0*z = -19*z + 21679. Let o = 1604 - z. What is the hundreds digit of o?
4
Suppose 36*z - 33*z = -216. Let j = z - -70. What is the units digit of (j/(-4))/((-14)/(-2492))?
9
Let p be (-3)/2 - 4655/(-98). Suppose 0 = -4*u - x + 36, -4*u - u + p = x. What is the units digit of u?
0
Let z(n) = 9*n**3 - 5*n**2 - 3*n - 11. Let p be z(5). Suppose 754 = 6*b - p. What is the hundreds digit of b?
2
Suppose 11179 + 15621 = 10*o. What is the hundreds digit of o?
6
Suppose 242034 = 32*o - 709198. What is the units digit of o?
6
Let b(m) = 7*m**3 + 6*m**2 - 12*m - 5. Let p(q) = 7*q**3 + 6*q**2 - 12*q - 6. Let z(w) = 6*b(w) - 5*p(w). What is the tens digit of z(3)?
0
Suppose c - k = -74 + 6, 4*c + 257 = k. Suppose -4*r = 4*g - 18488, 3*g + 11953 + 11117 = 5*r. What is the tens digit of 16/(-7) - -2 - r/c?
7
Let x(h) = -h**2 - 5*h - 4. Let b be x(-3). Suppose 136*o - 42 = 115*o. Suppose -b*r = -v - 194, 4*r + r - 487 = o*v. What is the tens digit of r?
9
Let b be (-15)/2*(-12)/(-15). Let d(k) = -57*k - 33. Let m(q) = 28*q + 16. Let o(y) = -6*d(y) - 13*m(y). What is the tens digit of o(b)?
2
Suppose -13210 = -2*m - 5*d, -3*m + 19833 = -3*d + 6*d. What is the thousands digit of m?
6
Let w(m) = -41*m + 6. Let t be w(-10). Suppose 2*u - t = -v, -u + 6*u - 1050 = -5*v. What is the units digit of u?
6
Suppose 3*t + 101223 = 5*h, -3*h + 30124 = 3*t - 30629. What is the hundreds digit of h?
2
Suppose -4*j + 20 = j. Let v = -3670 - -3685. Suppose -5*f + v = -j*f. What is the tens digit of f?
1
Suppose -35*u = -28*u + 1141. Let f = 200 + u. What is the tens digit of f?
3
Suppose 8*u + 4*u = 5988. Let a = u - 355. What is the units digit of a?
4
Let s(z) = -2*z**3 + 2*z**2 - 2*z - 1. Suppose -5 = 5*o, 3*g - 4*g + 3*o + 1 = 0. What is the units digit of s(g)?
7
Let p(j) = 366*j - 2580. What is the thousands digit of p(61)?
9
Let f = -52643 - -90860. What is the ten thousands digit of f?
3
Suppose -5*g - 2 = -5*u + 8, 4 = -u - 2*g. Let t be 150/45*(-651)/(-2). Suppose u = 6*q + q - t. What is the hundreds digit of q?
1
Let n(f) be the third derivative of 0 + 0*f - 1/2*f**3 + 5/24*f**4 - 7*f**2 + 1/5*f**5. What is the tens digit of n(-3)?
9
Suppose 0*d + 2*d + 5*l = -519, -4*d + 3*l - 1051 = 0. Let w = -193 - d. What is the tens digit of w?
6
Suppose -53*n + 273360 = -12*n + 61*n. What is the units digit of n?
0
Let m be ((-16)/(-6))/(104/156). Suppose 4*f - 220 = m*h, 0 = -3*f + 5*h + 114 + 55. What is the units digit of f?
3
What is the units digit of 609 + -597 - 133168/(-2 - 0)?
6
Suppose 2*f + 5*h = -149, -10*f - 5*h = -12*f - 159. Let q = 138 + f. What is the units digit of q?
1
Let c = 136 - 120. Let l(i) = i**3 - 11*i**2 - 11*i + 38. What is the tens digit of l(c)?
4
Let f be 13*43 + (-99)/9 + 14. Suppose -f - 236 = -21*i. What is the tens digit of i?
3
What is the hundreds digit of 4580520/560 - (0 + 10/4)?
1
Suppose 3*r = 4 - 61. Let k be 2 - 3 - 1*r. Suppose -56 = -2*t - 2*x, 2*x + k = t - 16. What is the tens digit of t?
3
Let t(l) = 148*l - 145*l - 5 - 26. Let h be t(11). Suppose 4*z - 326 = h*z. What is the hundreds digit of z?
1
Suppose 152 = -2*m + m. Suppose l + 84 = -29. Let j = l - m. What is the units digit of j?
9
Suppose -90 = 4*z + o, -3*o = -0*z - z - 29. Let j = z + 199. What is the units digit of (-810)/(-22) - (-32)/j?
7
Let b(i) = -556*i + 5623. What is the ten thousands digit of b(-11)?
1
What is the thousands digit of 23326 - (5 + -1)/((-4)/(-10))?
3
Suppose -5 = -5*b - a, -4*a = -b - a + 1. Let q be 6*(b - 3)/(3 + -6). What is the units digit of (-3)/(-4) - (-305)/q?
7
Suppose 23*m - 98372 - 937326 = 221712. What is the hundreds digit of m?
6
Let o = -5 - -7. Let m = 106 + -41. Suppose -5*p = -3*g + 228, 0 = -o*g - 4*p + 217 - m. What is the tens digit of g?
7
Let y(b) = -2*b**3 + 2*b**2 - 8*b - 11. Let l = -267 - -264. What is the units digit of y(l)?
5
What is the ten thousands digit of 170928/10 + (-9)/21 + 308/490?
1
Let x(d) = -7*d - 10. Let c be x(-4). Suppose -c + 12 = -2*z. What is the units digit of 1*7/z*(6 + -3)?
7
Let h be 2*(0 + 1) + 405. Suppose 3*b = h + 766. What is the hundreds digit of b?
3
Let g be (10/(-4) - -3)*10. Let r be ((-8)/g)/(4/(-10)). Suppose 2*s - 4 - r = 0. What is the units digit of s?
4
Let u(a) = a**3 - 4*a**2 + 2*a + 5. Let q be u(6). Suppose 3*c - 72 = 5*b, 3*b - 5*c - 33 + q = 0. What is the tens digit of (-580)/b - 2/(-3)?
4
Let v = 133 - 133. Let k be 10/(-25) - 81/(-15). Suppose 5*a + 3*l - 6*l - 1374 = v, 288 = a - k*l. What is the units digit of a?
3
Suppose -652 = f - 5*o, 2*o + 617 = -23*f + 22*f. Let i = -500 - f. What is the hundreds digit of i?
1
Suppose -3*s - 53